{"id":58,"date":"2017-09-03T20:43:27","date_gmt":"2017-09-03T18:43:27","guid":{"rendered":"http:\/\/solenscene-cec.be\/?page_id=58"},"modified":"2026-08-07T17:12:58","modified_gmt":"2026-08-07T15:12:58","slug":"le-conseil-daministration","status":"publish","type":"page","link":"https:\/\/solenscene-cec.be\/index.php\/lequipe\/le-conseil-daministration\/","title":{"rendered":"Le conseil d&rsquo;aministration"},"content":{"rendered":"<p>&nbsp;<\/p>\n<h4 style=\"text-align: left;\">Pr\u00e9sidente: Genevieve Gerard<img loading=\"lazy\" decoding=\"async\" class=\" wp-image-134 alignright\" src=\"https:\/\/solenscene-cec.be\/wp-content\/uploads\/2017\/09\/Gene-152x300.jpg\" alt=\"\" width=\"133\" height=\"263\" srcset=\"https:\/\/solenscene-cec.be\/wp-content\/uploads\/2017\/09\/Gene-152x300.jpg 152w, https:\/\/solenscene-cec.be\/wp-content\/uploads\/2017\/09\/Gene-768x1514.jpg 768w, https:\/\/solenscene-cec.be\/wp-content\/uploads\/2017\/09\/Gene-520x1024.jpg 520w, https:\/\/solenscene-cec.be\/wp-content\/uploads\/2017\/09\/Gene.jpg 1059w\" sizes=\"auto, (max-width: 133px) 100vw, 133px\" \/><\/h4>\n<p style=\"text-align: left;\">Titulaire d&rsquo;un master en chant et p\u00e9dagogie musicale. A votre service depuis 17 ans pour mettre en place des ateliers permettant l&rsquo;\u00e9panouissement de la cr\u00e9ativit\u00e9 de vos enfants ainsi que l&rsquo;accessibilit\u00e9 aux arts de la parole et de la musique (ne perdons pas l&rsquo;oreille de vue).<\/p>\n<h4><\/h4>\n<h4><\/h4>\n<h4><\/h4>\n<h4><\/h4>\n<p>&nbsp;<\/p>\n<p>&nbsp;<\/p>\n<p>&nbsp;<\/p>\n<p>&nbsp;<\/p>\n<p>&nbsp;<\/p>\n<h4>Tr\u00e9sorier: Christian Postman<\/h4>\n<h4><img loading=\"lazy\" decoding=\"async\" class=\" wp-image-133 alignright\" src=\"https:\/\/solenscene-cec.be\/wp-content\/uploads\/2017\/09\/20170908_203457-1-300x296.jpg\" alt=\"\" width=\"219\" height=\"216\" srcset=\"https:\/\/solenscene-cec.be\/wp-content\/uploads\/2017\/09\/20170908_203457-1-300x296.jpg 300w, https:\/\/solenscene-cec.be\/wp-content\/uploads\/2017\/09\/20170908_203457-1-768x758.jpg 768w, https:\/\/solenscene-cec.be\/wp-content\/uploads\/2017\/09\/20170908_203457-1.jpg 889w\" sizes=\"auto, (max-width: 219px) 100vw, 219px\" \/><\/h4>\n<p>&nbsp;<\/p>\n<p>&nbsp;<\/p>\n<p>&nbsp;<\/p>\n<p>&nbsp;<\/p>\n<p>&nbsp;<\/p>\n<p>&nbsp;<\/p>\n<p>&nbsp;<\/p>\n<p>&nbsp;<\/p>\n<p><strong>Vice-pr\u00e9sidents: Boris Coppieters et Thomas Werland<\/strong><\/p>\n","protected":false},"excerpt":{"rendered":"<p>&nbsp; Pr\u00e9sidente: Genevieve Gerard Titulaire d&rsquo;un master en chant et p\u00e9dagogie musicale. A votre service depuis 17 ans pour mettre en place des ateliers permettant l&rsquo;\u00e9panouissement de la cr\u00e9ativit\u00e9 de vos enfants ainsi que l&rsquo;accessibilit\u00e9 aux arts de la parole et de la musique (ne perdons pas l&rsquo;oreille de vue). &nbsp; &nbsp; &nbsp; &nbsp; &nbsp; [&hellip;]<\/p>\n","protected":false},"author":1,"featured_media":0,"parent":21,"menu_order":5,"comment_status":"closed","ping_status":"closed","template":"","meta":{"footnotes":""},"class_list":["post-58","page","type-page","status-publish","hentry"],"_links":{"self":[{"href":"https:\/\/solenscene-cec.be\/index.php\/wp-json\/wp\/v2\/pages\/58","targetHints":{"allow":["GET"]}}],"collection":[{"href":"https:\/\/solenscene-cec.be\/index.php\/wp-json\/wp\/v2\/pages"}],"about":[{"href":"https:\/\/solenscene-cec.be\/index.php\/wp-json\/wp\/v2\/types\/page"}],"author":[{"embeddable":true,"href":"https:\/\/solenscene-cec.be\/index.php\/wp-json\/wp\/v2\/users\/1"}],"replies":[{"embeddable":true,"href":"https:\/\/solenscene-cec.be\/index.php\/wp-json\/wp\/v2\/comments?post=58"}],"version-history":[{"count":8,"href":"https:\/\/solenscene-cec.be\/index.php\/wp-json\/wp\/v2\/pages\/58\/revisions"}],"predecessor-version":[{"id":1173,"href":"https:\/\/solenscene-cec.be\/index.php\/wp-json\/wp\/v2\/pages\/58\/revisions\/1173"}],"up":[{"embeddable":true,"href":"https:\/\/solenscene-cec.be\/index.php\/wp-json\/wp\/v2\/pages\/21"}],"wp:attachment":[{"href":"https:\/\/solenscene-cec.be\/index.php\/wp-json\/wp\/v2\/media?parent=58"}],"curies":[{"name":"wp","href":"https:\/\/api.w.org\/{rel}","templated":true}]}}

<p>&nbsp;</p>
<h4 style="text-align: left;">Présidente: Genevieve Gerard<img loading="lazy" decoding="async" class=" wp-image-134 alignright" src="https://solenscene-cec.be/wp-content/uploads/2017/09/Gene-152x300.jpg" alt="" width="133" height="263" srcset="https://solenscene-cec.be/wp-content/uploads/2017/09/Gene-152x300.jpg 152w, https://solenscene-cec.be/wp-content/uploads/2017/09/Gene-768x1514.jpg 768w, https://solenscene-cec.be/wp-content/uploads/2017/09/Gene-520x1024.jpg 520w, https://solenscene-cec.be/wp-content/uploads/2017/09/Gene.jpg 1059w" sizes="auto, (max-width: 133px) 100vw, 133px" /></h4>
<p style="text-align: left;">Titulaire d&rsquo;un master en chant et pédagogie musicale. A votre service depuis 17 ans pour mettre en place des ateliers permettant l&rsquo;épanouissement de la créativité de vos enfants ainsi que l&rsquo;accessibilité aux arts de la parole et de la musique (ne perdons pas l&rsquo;oreille de vue).</p>
<h4></h4>
<h4></h4>
<h4></h4>
<h4></h4>
<p>&nbsp;</p>
<p>&nbsp;</p>
<p>&nbsp;</p>
<p>&nbsp;</p>
<p>&nbsp;</p>
<h4>Trésorier: Christian Postman</h4>
<h4><img loading="lazy" decoding="async" class=" wp-image-133 alignright" src="https://solenscene-cec.be/wp-content/uploads/2017/09/20170908_203457-1-300x296.jpg" alt="" width="219" height="216" srcset="https://solenscene-cec.be/wp-content/uploads/2017/09/20170908_203457-1-300x296.jpg 300w, https://solenscene-cec.be/wp-content/uploads/2017/09/20170908_203457-1-768x758.jpg 768w, https://solenscene-cec.be/wp-content/uploads/2017/09/20170908_203457-1.jpg 889w" sizes="auto, (max-width: 219px) 100vw, 219px" /></h4>
<p>&nbsp;</p>
<p>&nbsp;</p>
<p>&nbsp;</p>
<p>&nbsp;</p>
<p>&nbsp;</p>
<p>&nbsp;</p>
<p>&nbsp;</p>
<p>&nbsp;</p>
<p><strong>Vice-présidents: Boris Coppieters et Thomas Werland</strong></p>

<p>&nbsp; Présidente: Genevieve Gerard Titulaire d&rsquo;un master en chant et pédagogie musicale. A votre service depuis 17 ans pour mettre en place des ateliers permettant l&rsquo;épanouissement de la créativité de vos enfants ainsi que l&rsquo;accessibilité aux arts de la parole et de la musique (ne perdons pas l&rsquo;oreille de vue). &nbsp; &nbsp; &nbsp; &nbsp; &nbsp; [&hellip;]</p>
