{"id":21,"date":"2017-09-03T18:00:32","date_gmt":"2017-09-03T16:00:32","guid":{"rendered":"http:\/\/solenscene-cec.be\/?page_id=21"},"modified":"2022-09-04T14:57:23","modified_gmt":"2022-09-04T12:57:23","slug":"lequipe","status":"publish","type":"page","link":"https:\/\/solenscene-cec.be\/index.php\/lequipe\/","title":{"rendered":"L&rsquo;\u00e9quipe"},"content":{"rendered":"<div title=\"Page 1\"><strong class=\"gmail_sendername\" dir=\"auto\">Lucie Dubuisson<\/strong><\/div>\n<p><img loading=\"lazy\" decoding=\"async\" class=\" wp-image-534 alignright\" src=\"https:\/\/solenscene-cec.be\/wp-content\/uploads\/2022\/09\/image1-287x300.jpeg\" alt=\"\" width=\"248\" height=\"259\" srcset=\"https:\/\/solenscene-cec.be\/wp-content\/uploads\/2022\/09\/image1-287x300.jpeg 287w, https:\/\/solenscene-cec.be\/wp-content\/uploads\/2022\/09\/image1.jpeg 306w\" sizes=\"auto, (max-width: 248px) 100vw, 248px\" \/><\/p>\n<div title=\"Page 1\">\n<p style=\"text-align: left;\">Passionn\u00e9e de musique, Lucie commence sa formation de fl\u00fbte traversi\u00e8re au conservatoire de Huy \u00e0 l\u2019\u00e2ge de 7 ans.<\/p>\n<p style=\"text-align: left;\">Elle la\u00a0\u00a0poursuivra ensuite \u00e0 l\u2019IMEP dans la classe de Denis-Pierre Gustin o\u00f9 elle rentre actuellement en 3\u00e8me ann\u00e9e de Bachelier.<\/p>\n<p style=\"text-align: left;\">Son parcours l\u2019a amen\u00e9 \u00e0 participer \u00e0 de nombreux projets musicaux et plusieurs concours dont elle est laur\u00e9ate.<\/p>\n<p style=\"text-align: left;\">Pour perfectionner sa formation, Lucie s\u2019int\u00e9resse \u00e0 l\u2019\u00e9ducation musicale et rejoint l\u2019asbl Sol en Sc\u00e8ne pour animer l\u2019atelier d\u2019\u00e9veil musical et celui de fl\u00fbte traversi\u00e8re. Transmettre sa passion est un challenge qu\u2019elle rel\u00e8ve avec enthousiasme.<\/p>\n<p>&nbsp;<\/p>\n<\/div>\n<div style=\"text-align: right;\" title=\"Page 1\"><strong class=\"gmail_sendername\" dir=\"auto\">Sophie De Buyst<\/strong><\/div>\n<div title=\"Page 1\"><\/div>\n<div style=\"text-align: right;\" title=\"Page 1\"><\/div>\n<p><img loading=\"lazy\" decoding=\"async\" class=\" wp-image-531 alignleft\" src=\"https:\/\/solenscene-cec.be\/wp-content\/uploads\/2022\/09\/fzef-300x260.jpg\" alt=\"\" width=\"350\" height=\"303\" srcset=\"https:\/\/solenscene-cec.be\/wp-content\/uploads\/2022\/09\/fzef-300x260.jpg 300w, https:\/\/solenscene-cec.be\/wp-content\/uploads\/2022\/09\/fzef-768x665.jpg 768w, https:\/\/solenscene-cec.be\/wp-content\/uploads\/2022\/09\/fzef-1024x886.jpg 1024w\" sizes=\"auto, (max-width: 350px) 100vw, 350px\" \/>Apr\u00e8s avoir \u00e9tudi\u00e9 le th\u00e9\u00e2tre lors d\u2019humanit\u00e9s artistiques, Sophie s\u2019est dirig\u00e9e peu \u00e0 peu vers le chant, puis le chant lyrique. En 2005, elle entre au Conservatoire Royal de Musique de Bruxelles, o\u00f9 elle int\u00e8gre la classe de Marcel Vanaud, afin de se diriger vers le r\u00e9pertoire d\u2019op\u00e9ra qui lui tient fort \u00e0 c\u0153ur.<\/p>\n<p>Apr\u00e8s un Master Sp\u00e9cialis\u00e9 en Chant, Sophie a pass\u00e9 son Master Didactique (professeur de chant)\u00a0; mais aussi un Master Didactique en Formation Musicale. Elle m\u00e8ne \u00e0 pr\u00e9sent une carri\u00e8re de chanteuse, ainsi qu\u2019une carri\u00e8re de professeur et directrice de choeurs dans diff\u00e9rentes \u00e9coles et acad\u00e9mies.<\/p>\n<p>Par la suite, Sophie continue \u00e0 se former et \u00e0 s&rsquo;int\u00e9resser au chant \u00e0 travers le corps et au bien\u00eatre qui en r\u00e9sulte. Elle travaille r\u00e9guli\u00e8rement avec des kin\u00e9sith\u00e9rapeutes, afin d&rsquo;optimiser la posture du chanteur. Elle suit \u00e9galement des cours de MLC (M\u00e9thode de Lib\u00e9ration des Cuirasses) avec Mich\u00e8le Massina, afin de travailler sur la d\u00e9tente du corps et la lib\u00e9ration vocale (voix parl\u00e9e et chant\u00e9e).<\/p>\n<p>Apr\u00e8s la naissance de son fils, Sophie d\u00e9cide de se former au Chant Pr\u00e9natal. Par la suite, elle \u00e9tudiera tous les bienfaits de l&rsquo;\u00e9veil musical pour le d\u00e9veloppement des b\u00e9b\u00e9s, des enfants\u00a0; mais aussi des adultes.<\/p>\n<p>Sophie est heureuse de pouvoir enseigner \u00e0 Solensc\u00e8ne, afin de faire d\u00e9couvrir aux \u00e9l\u00e8ves le bonheur et les bienfaits de la musique\u00a0; mais aussi de les accompagner dans leur d\u00e9veloppement vocal.<\/p>\n<p><strong class=\"gmail_sendername\" dir=\"auto\">Hester Orlandi<\/strong><\/p>\n<p><img loading=\"lazy\" decoding=\"async\" class=\" wp-image-517 alignright\" src=\"https:\/\/solenscene-cec.be\/wp-content\/uploads\/2022\/09\/IMG_20220904_121003-298x300.jpg\" alt=\"\" width=\"253\" height=\"254\" srcset=\"https:\/\/solenscene-cec.be\/wp-content\/uploads\/2022\/09\/IMG_20220904_121003-298x300.jpg 298w, https:\/\/solenscene-cec.be\/wp-content\/uploads\/2022\/09\/IMG_20220904_121003-150x150.jpg 150w, https:\/\/solenscene-cec.be\/wp-content\/uploads\/2022\/09\/IMG_20220904_121003-768x774.jpg 768w, https:\/\/solenscene-cec.be\/wp-content\/uploads\/2022\/09\/IMG_20220904_121003-1016x1024.jpg 1016w, https:\/\/solenscene-cec.be\/wp-content\/uploads\/2022\/09\/IMG_20220904_121003-500x500.jpg 500w, https:\/\/solenscene-cec.be\/wp-content\/uploads\/2022\/09\/IMG_20220904_121003.jpg 1080w\" sizes=\"auto, (max-width: 253px) 100vw, 253px\" \/><\/p>\n<p class=\"p1\" style=\"text-align: left;\">Je commence le th\u00e9\u00e2tre \u00e0 l\u2019\u00e2ge de 5 ans \u00e0 l\u2019acad\u00e9mie de Pont-\u00e0-Celles. Je suis mon cursus acad\u00e9mique jusqu\u2019\u00e0 l\u2019\u00e2ge de 13 ans, je rentre ensuite en humanit\u00e9s artistiques \u00e0 l\u2019Ath\u00e9n\u00e9e Royal Vauban deCharleroi.<\/p>\n<p class=\"p1\" style=\"text-align: left;\">En 2015, j\u2019obtiens mon CESS avec le premier prix de l\u2019option th\u00e9\u00e2tre. En septembre de cette ann\u00e9e, je rentre \u00e0 l\u2019IAD \u00e0 Louvain-la-Neuve en art dramatique. Apr\u00e8s mon master en art dramatique, je poursuis avec un master didactique, je sors dipl\u00f4m\u00e9e en janvier 2021 et je commence \u00e0 travailler comme professeur de th\u00e9\u00e2tre dans diff\u00e9rentes acad\u00e9mies.<\/p>\n<p class=\"p1\" style=\"text-align: left;\">C\u2019est avec un grand plaisir que j\u2019int\u00e8gre cette ann\u00e9e l\u2019\u00e9quipe de Sol en Sc\u00e8ne, pour faire d\u00e9couvrir ou red\u00e9couvrir le th\u00e9\u00e2tre et travailler avec les instruments que notre corps met \u00e0 notre disposition.<\/p>\n<div style=\"text-align: right;\" title=\"Page 1\"><\/div>\n<div title=\"Page 1\">\n<div title=\"Page 1\"><\/div>\n<div title=\"Page 1\"><\/div>\n<div title=\"Page 1\"><\/div>\n<p>&nbsp;<\/p>\n<p><img loading=\"lazy\" decoding=\"async\" class=\" wp-image-231 alignleft\" src=\"https:\/\/solenscene-cec.be\/wp-content\/uploads\/2018\/06\/10246340_10203851773034960_8756535682301231834_n-250x300.jpg\" alt=\"\" width=\"162\" height=\"194\" srcset=\"https:\/\/solenscene-cec.be\/wp-content\/uploads\/2018\/06\/10246340_10203851773034960_8756535682301231834_n-250x300.jpg 250w, https:\/\/solenscene-cec.be\/wp-content\/uploads\/2018\/06\/10246340_10203851773034960_8756535682301231834_n.jpg 339w\" sizes=\"auto, (max-width: 162px) 100vw, 162px\" \/><\/p>\n<p style=\"text-align: right;\"><strong>Thomas Werland<\/strong><\/p>\n<p style=\"text-align: right;\">Dipl\u00f4m\u00e9en informatique de gestion. Homme \u00e0 tout faire informatique de l&rsquo;ASBL. A votre disposition pour toute r\u00e9clamation et toute proposition interessante<\/p>\n<div><\/div>\n<h4><\/h4>\n<h4><\/h4>\n<p>&nbsp;<\/p>\n<p>&nbsp;<\/p>\n<p>&nbsp;<\/p>\n<h4><\/h4>\n<p style=\"text-align: left;\"><strong>Julien Genette<\/strong><\/p>\n<p><img loading=\"lazy\" decoding=\"async\" class=\"size-medium wp-image-77 alignright\" src=\"https:\/\/solenscene-cec.be\/wp-content\/uploads\/2017\/09\/JulienGuitare-300x200.jpg\" alt=\"\" width=\"300\" height=\"200\" srcset=\"https:\/\/solenscene-cec.be\/wp-content\/uploads\/2017\/09\/JulienGuitare-300x200.jpg 300w, https:\/\/solenscene-cec.be\/wp-content\/uploads\/2017\/09\/JulienGuitare-768x512.jpg 768w, https:\/\/solenscene-cec.be\/wp-content\/uploads\/2017\/09\/JulienGuitare-1024x683.jpg 1024w, https:\/\/solenscene-cec.be\/wp-content\/uploads\/2017\/09\/JulienGuitare-750x500.jpg 750w, https:\/\/solenscene-cec.be\/wp-content\/uploads\/2017\/09\/JulienGuitare.jpg 1080w\" sizes=\"auto, (max-width: 300px) 100vw, 300px\" \/><\/p>\n<p>Animateur pour les ateliers de guitare \u00e9lectrique et basse. Julien a commenc\u00e9 la guitare vers l\u2019\u00e2ge de dix ans. Apr\u00e8s ses \u00e9tudes secondaires, il a l\u2019opportunit\u00e9 d\u2019aller \u00e9tudier \u00e0 la Tech Music School. Depuis lors, il travaille comme musicien de session et comme professeur au sein de diff\u00e9rentes asbl.<\/p>\n<p>En tant que professeur, il accorde une tr\u00e8s grande importance aux d\u00e9sid\u00e9ratas de ses \u00e9l\u00e8ves, afin de favoriser l\u2019apprentissage, tout en mettant tout en oeuvre pour d\u00e9velopper leur musicalit\u00e9.<\/p>\n<h4><\/h4>\n<p>&nbsp;<\/p>\n<p style=\"text-align: right;\"><strong>Boris Coppieters<\/strong><\/p>\n<p><img loading=\"lazy\" decoding=\"async\" class=\" wp-image-128 alignleft\" src=\"https:\/\/solenscene-cec.be\/wp-content\/uploads\/2017\/09\/LiSes3-177x300.jpg\" alt=\"\" width=\"131\" height=\"222\" srcset=\"https:\/\/solenscene-cec.be\/wp-content\/uploads\/2017\/09\/LiSes3-177x300.jpg 177w, https:\/\/solenscene-cec.be\/wp-content\/uploads\/2017\/09\/LiSes3.jpg 245w\" sizes=\"auto, (max-width: 131px) 100vw, 131px\" \/><\/p>\n<p>Pianiste et accompagnateur pour tous les genres d\u2019\u00e9v\u00e8nements : concerts, animations, spectacles (au th\u00e9\u00e2tre de<\/p>\n<p>Cologne).<br \/>\nBoris obtient l&rsquo;agr\u00e9gation en p\u00e9dagogie musicale \u00e0 l&rsquo;IMEP de Namur. Il fait partie du Namur Jazz Big Band et chante dans le Ch\u0153ur de Chambre de la Province du Luxembourg. Comme animateur chez SolenSc\u00e8ne, il lui importe de transmettre aux participants les notions et techniques essentielles qui leur permettront de d\u00e9couvrir leur propre expression musicale. Boris excelle \u00e9galement dans la conception et l&rsquo;\u00e9criture de nouveaux projets musico- p\u00e9dagogiques.<\/p>\n<div><\/div>\n<div><\/div>\n<div><\/div>\n<div><\/div>\n<div><\/div>\n<div><\/div>\n<div><\/div>\n<div><\/div>\n<div><\/div>\n<p>&nbsp;<\/p>\n<div><strong>Roman Quennery<\/strong><\/div>\n<div style=\"text-align: right;\">\n<p style=\"text-align: left;\">Ing\u00e9nieur du son diplom\u00e9 de \u00ab\u00a0SAE Brussels\u00a0\u00bb en 2012,<br \/>\n<img loading=\"lazy\" decoding=\"async\" class=\"wp-image-182 alignnone alignright\" src=\"https:\/\/solenscene-cec.be\/wp-content\/uploads\/2017\/09\/20374481_10213289360844603_6253399921925939298_n-300x300.jpg\" alt=\"\" width=\"243\" height=\"243\" srcset=\"https:\/\/solenscene-cec.be\/wp-content\/uploads\/2017\/09\/20374481_10213289360844603_6253399921925939298_n-300x300.jpg 300w, https:\/\/solenscene-cec.be\/wp-content\/uploads\/2017\/09\/20374481_10213289360844603_6253399921925939298_n-150x150.jpg 150w, https:\/\/solenscene-cec.be\/wp-content\/uploads\/2017\/09\/20374481_10213289360844603_6253399921925939298_n-500x500.jpg 500w, https:\/\/solenscene-cec.be\/wp-content\/uploads\/2017\/09\/20374481_10213289360844603_6253399921925939298_n.jpg 711w\" sizes=\"auto, (max-width: 243px) 100vw, 243px\" \/>Il se forme en live d\u00e8s la fin de ses \u00e9tudes sur la tourn\u00e9e de Franck micha\u00ebl dans toute la France.D\u00e8s l&rsquo;ann\u00e9e 2013, il se lance comme \u00ab\u00a0Free-lance\u00a0\u00bb pour diff\u00e9rentes soci\u00e9t\u00e9s tels que \u00ab\u00a0STEP IN LIVE\u00a0\u00bb, \u00ab\u00a0BESTAGE\u00a0\u00bb, \u00ab\u00a0AVP\u00a0\u00bb&#8230; Ce qui lui permet de travailler avec des artistes de renomm\u00e9e internationale comme U2, Coldplay, Greenday,.. et de perfectionner ses connaissances techniques en son, lumi\u00e8re et vid\u00e9o.<br \/>\nEgalement musicien multi-instrumentiste, il se produit sur sc\u00e8ne et en studio avec diff\u00e9rents groupes de styles tr\u00e8s vari\u00e9s.<br \/>\nSon envie de transmettre aux jeunes l&rsquo;am\u00e8ne \u00e0 devenir coach musical chez \u00ab\u00a0Mymuse\u00a0\u00bb.<br \/>\nC&rsquo;est en 2015 qu&rsquo;il rejoint l&rsquo;\u00e9quipe de Sol en sc\u00e8ne en tant que technicien audiovisuel.<\/p>\n<\/div>\n<div>\n<div><\/div>\n<div><\/div>\n<div><\/div>\n<div><\/div>\n<div><\/div>\n<div><\/div>\n<\/div>\n<\/div>\n<div><\/div>\n<div><\/div>\n<div>\n<p style=\"text-align: right;\"><strong class=\"gmail_sendername\" dir=\"auto\">Oc\u00e9ane Noel<\/strong><\/p>\n<p><img loading=\"lazy\" decoding=\"async\" class=\"size-medium wp-image-522 alignleft\" src=\"https:\/\/solenscene-cec.be\/wp-content\/uploads\/2022\/09\/Snapchat-1552746754-169x300.jpg\" alt=\"\" width=\"169\" height=\"300\" srcset=\"https:\/\/solenscene-cec.be\/wp-content\/uploads\/2022\/09\/Snapchat-1552746754-169x300.jpg 169w, https:\/\/solenscene-cec.be\/wp-content\/uploads\/2022\/09\/Snapchat-1552746754-576x1024.jpg 576w, https:\/\/solenscene-cec.be\/wp-content\/uploads\/2022\/09\/Snapchat-1552746754.jpg 720w\" sizes=\"auto, (max-width: 169px) 100vw, 169px\" \/><\/p>\n<p style=\"text-align: right;\">La musique a toujours fait partie de ma vie\u00a0; mon p\u00e8re \u00e9tant trompettiste. Il a \u00e9t\u00e9 totalement naturel de commencer moi-m\u00eame cet instrument \u00e0 mes 5 ans et de ne jamais m&rsquo;en d\u00e9crocher.<\/p>\n<p style=\"text-align: right;\">Au fur \u00e0 mesure de mes ann\u00e9es, j&rsquo;ai voulu me diriger vers des \u00e9tudes qui me permettent de combiner ma passion pour la musique et la p\u00e9dagogie, domaine qui m&rsquo;a toujours int\u00e9ress\u00e9. C&rsquo;est pour cela que j&rsquo;ai d\u00e9cid\u00e9 en 2017 d&rsquo;entrer \u00e0 l&rsquo;Institut Sup\u00e9rieur de Musique et de P\u00e9dagogie (IMEP) de Namur.<br \/>\nCette an<\/p>\n<p style=\"text-align: right;\">n\u00e9e fut d\u00e9cisive, pour moi, ce m\u00e9tier \u00e9tait fait pour moi. Depuis trois ans maintenant, je donne cours d&rsquo;\u00e9ducation musicale dans diverses ASBL et je me rends chaque jour compte de la chance que j&rsquo;ai de faire ce m\u00e9tier.<\/p>\n<p style=\"text-align: right;\">Mais je ressentais un manque, j&rsquo;ai donc d\u00e9cid\u00e9, en 2018, de commencer un cursus en trompette \u00e9galement \u00e0 l&rsquo;IMEP et me voil\u00e0, 5ans plus tard, \u00e0 entamer mon master \u00e0 finalit\u00e9 didactique.<\/p>\n<p style=\"text-align: right;\">Travailler chez Sol En Sc\u00e8ne me permet de r\u00e9aliser un r\u00eave que j&rsquo;ai depuis quelques ann\u00e9es\u00a0: transmettre et \u00e9veiller cette passion que j&rsquo;ai pour la musique.<\/p>\n<\/div>\n<div><\/div>\n<div><\/div>\n<div><\/div>\n<div title=\"Page 1\">\n<div>\n<div><strong>Christine Goossens<\/strong><\/div>\n<div><img loading=\"lazy\" decoding=\"async\" class=\"size-medium wp-image-387 alignright\" src=\"https:\/\/solenscene-cec.be\/wp-content\/uploads\/2020\/09\/chritine-gossens-208x300.png\" alt=\"\" width=\"208\" height=\"300\" srcset=\"https:\/\/solenscene-cec.be\/wp-content\/uploads\/2020\/09\/chritine-gossens-208x300.png 208w, https:\/\/solenscene-cec.be\/wp-content\/uploads\/2020\/09\/chritine-gossens.png 301w\" sizes=\"auto, (max-width: 208px) 100vw, 208px\" \/><\/div>\n<div><\/div>\n<div>\n<div>Enseignante de formation, ayant travaill\u00e9 dans divers services administratifs et passionn\u00e9e de bien-\u00eatre et de sant\u00e9, je reste en contact avec tout le monde et veille au suivi de la bonne organisation des activit\u00e9s.<\/div>\n<\/div>\n<div><\/div>\n<div><\/div>\n<div><\/div>\n<div><\/div>\n<div><\/div>\n<div><\/div>\n<div><\/div>\n<\/div>\n<p>&nbsp;<\/p>\n<p>&nbsp;<\/p>\n<\/div>\n<div><\/div>\n<div><\/div>\n<div title=\"Page 1\">\n<div><\/div>\n<\/div>\n<p>&nbsp;<\/p>\n<p>&nbsp;<\/p>\n<p>&nbsp;<\/p>\n<p>&nbsp;<\/p>\n<div title=\"Page 1\">\n<div style=\"text-align: right;\"><strong>Titouan Carbonelle<\/strong><\/div>\n<div><img loading=\"lazy\" decoding=\"async\" class=\"size-medium wp-image-437 alignleft\" src=\"https:\/\/solenscene-cec.be\/wp-content\/uploads\/2020\/09\/202006_lahulpe_titouan1-221x300.jpg\" alt=\"\" width=\"221\" height=\"300\" srcset=\"https:\/\/solenscene-cec.be\/wp-content\/uploads\/2020\/09\/202006_lahulpe_titouan1-221x300.jpg 221w, https:\/\/solenscene-cec.be\/wp-content\/uploads\/2020\/09\/202006_lahulpe_titouan1-768x1041.jpg 768w, https:\/\/solenscene-cec.be\/wp-content\/uploads\/2020\/09\/202006_lahulpe_titouan1-755x1024.jpg 755w, https:\/\/solenscene-cec.be\/wp-content\/uploads\/2020\/09\/202006_lahulpe_titouan1.jpg 1913w\" sizes=\"auto, (max-width: 221px) 100vw, 221px\" \/><\/div>\n<div>\n<div style=\"text-align: right;\">Mon parcour musical d\u00e9bute \u00e0 l&rsquo;acad\u00e9mie d&rsquo;Evere \u00e0 Bruxelles ou je commence mon apprentissage des percussions d\u00e8s mes 8 ans aupr\u00e8s de Jean Claude Wetz pendant 4 ans, puis avec Damien Delvaux pendant 6 autres ann\u00e9es.<\/div>\n<div style=\"text-align: right;\">Cela fait maintenant d\u00e9j\u00e0 trois ans que je continue dans cette voie et ce, au sein de L&rsquo;institut Royal de Musique et de P\u00e9dagogie \u00e0 Namur.<\/div>\n<div style=\"text-align: right;\">C&rsquo;est avec un immense plaisir que je rejoins cette ann\u00e9e l&rsquo;\u00e9quipe de Sol en Sc\u00e8ne avec comme objectif de pouvoir former des personnes de tout horizon en esp\u00e9rant vous faire \u00e9voluer vous vous faire faire aimer ce magnifique instrument qu&rsquo;est la batterie.<\/div>\n<\/div>\n<\/div>\n","protected":false},"excerpt":{"rendered":"<p>Lucie Dubuisson Passionn\u00e9e de musique, Lucie commence sa formation de fl\u00fbte traversi\u00e8re au conservatoire de Huy \u00e0 l\u2019\u00e2ge de 7 ans. Elle la\u00a0\u00a0poursuivra ensuite \u00e0 l\u2019IMEP dans la classe de Denis-Pierre Gustin o\u00f9 elle rentre actuellement en 3\u00e8me ann\u00e9e de Bachelier. Son parcours l\u2019a amen\u00e9 \u00e0 participer \u00e0 de nombreux projets musicaux et plusieurs concours [&hellip;]<\/p>\n","protected":false},"author":1,"featured_media":0,"parent":0,"menu_order":4,"comment_status":"closed","ping_status":"closed","template":"","meta":{"footnotes":""},"class_list":["post-21","page","type-page","status-publish","hentry"],"_links":{"self":[{"href":"https:\/\/solenscene-cec.be\/index.php\/wp-json\/wp\/v2\/pages\/21","targetHints":{"allow":["GET"]}}],"collection":[{"href":"https:\/\/solenscene-cec.be\/index.php\/wp-json\/wp\/v2\/pages"}],"about":[{"href":"https:\/\/solenscene-cec.be\/index.php\/wp-json\/wp\/v2\/types\/page"}],"author":[{"embeddable":true,"href":"https:\/\/solenscene-cec.be\/index.php\/wp-json\/wp\/v2\/users\/1"}],"replies":[{"embeddable":true,"href":"https:\/\/solenscene-cec.be\/index.php\/wp-json\/wp\/v2\/comments?post=21"}],"version-history":[{"count":142,"href":"https:\/\/solenscene-cec.be\/index.php\/wp-json\/wp\/v2\/pages\/21\/revisions"}],"predecessor-version":[{"id":542,"href":"https:\/\/solenscene-cec.be\/index.php\/wp-json\/wp\/v2\/pages\/21\/revisions\/542"}],"wp:attachment":[{"href":"https:\/\/solenscene-cec.be\/index.php\/wp-json\/wp\/v2\/media?parent=21"}],"curies":[{"name":"wp","href":"https:\/\/api.w.org\/{rel}","templated":true}]}}