{"id":21,"date":"2017-09-03T18:00:32","date_gmt":"2017-09-03T16:00:32","guid":{"rendered":"http:\/\/solenscene-cec.be\/?page_id=21"},"modified":"2026-08-07T17:12:19","modified_gmt":"2026-08-07T15:12:19","slug":"lequipe","status":"publish","type":"page","link":"https:\/\/solenscene-cec.be\/index.php\/lequipe\/","title":{"rendered":"L&rsquo;\u00e9quipe"},"content":{"rendered":"<div title=\"Page 1\">\n<h4>Genevieve Gerard<img loading=\"lazy\" decoding=\"async\" class=\"wp-image-134 alignright\" src=\"https:\/\/solenscene-cec.be\/wp-content\/uploads\/2017\/09\/Gene-152x300.jpg\" sizes=\"auto, (max-width: 152px) 100vw, 152px\" srcset=\"https:\/\/solenscene-cec.be\/wp-content\/uploads\/2017\/09\/Gene-152x300.jpg 152w, https:\/\/solenscene-cec.be\/wp-content\/uploads\/2017\/09\/Gene-768x1514.jpg 768w, https:\/\/solenscene-cec.be\/wp-content\/uploads\/2017\/09\/Gene-520x1024.jpg 520w, https:\/\/solenscene-cec.be\/wp-content\/uploads\/2017\/09\/Gene.jpg 1059w\" alt=\"\" width=\"95\" height=\"187\" \/><\/h4>\n<p>Professeure de chant, titulaire d\u2019un master en chant et p\u00e9dagogie musicale. A votre service depuis 17 ans pour mettre en place des ateliers permettant l\u2019\u00e9panouissement de la cr\u00e9ativit\u00e9 de vos enfants ainsi que l\u2019accessibilit\u00e9 aux arts de la parole et de la musique (ne perdons pas l\u2019oreille de vue).<\/p>\n<\/div>\n<div title=\"Page 1\">\u00a0<\/div>\n<div title=\"Page 1\">\u00a0<\/div>\n<div title=\"Page 1\">\u00a0<\/div>\n<div title=\"Page 1\">\u00a0<\/div>\n<div title=\"Page 1\">\u00a0<\/div>\n<div title=\"Page 1\">\u00a0<\/div>\n<div title=\"Page 1\">\u00a0<\/div>\n<div title=\"Page 1\">\u00a0<\/div>\n<div title=\"Page 1\">\u00a0<\/div>\n<div title=\"Page 1\">\u00a0<\/div>\n<div title=\"Page 1\">\n<p>&nbsp;<\/p>\n<p style=\"text-align: left;\"><strong>Thomas Werland<\/strong><\/p>\n<p><img loading=\"lazy\" decoding=\"async\" class=\"wp-image-231 alignright\" src=\"https:\/\/solenscene-cec.be\/wp-content\/uploads\/2018\/06\/10246340_10203851773034960_8756535682301231834_n-250x300.jpg\" alt=\"\" width=\"147\" height=\"176\" srcset=\"https:\/\/solenscene-cec.be\/wp-content\/uploads\/2018\/06\/10246340_10203851773034960_8756535682301231834_n-250x300.jpg 250w, https:\/\/solenscene-cec.be\/wp-content\/uploads\/2018\/06\/10246340_10203851773034960_8756535682301231834_n.jpg 339w\" sizes=\"auto, (max-width: 147px) 100vw, 147px\" \/><\/p>\n<p style=\"text-align: left;\">Dipl\u00f4m\u00e9 informatique de gestion. Homme \u00e0 tout faire informatique de l&rsquo;ASBL. A votre disposition pour toute r\u00e9clamation et tou<\/p>\n<p style=\"text-align: left;\">te proposition interessante<\/p>\n<\/div>\n<h4 style=\"text-align: left;\">\u00a0<\/h4>\n<p>&nbsp;<\/p>\n<div title=\"Page 1\">\n<p style=\"text-align: left;\"><strong>Julien Genette<\/strong><\/p>\n<p><img loading=\"lazy\" decoding=\"async\" class=\" wp-image-77 alignright\" src=\"https:\/\/solenscene-cec.be\/wp-content\/uploads\/2017\/09\/JulienGuitare-300x200.jpg\" alt=\"\" width=\"266\" height=\"177\" srcset=\"https:\/\/solenscene-cec.be\/wp-content\/uploads\/2017\/09\/JulienGuitare-300x200.jpg 300w, https:\/\/solenscene-cec.be\/wp-content\/uploads\/2017\/09\/JulienGuitare-768x512.jpg 768w, https:\/\/solenscene-cec.be\/wp-content\/uploads\/2017\/09\/JulienGuitare-1024x683.jpg 1024w, https:\/\/solenscene-cec.be\/wp-content\/uploads\/2017\/09\/JulienGuitare-750x500.jpg 750w, https:\/\/solenscene-cec.be\/wp-content\/uploads\/2017\/09\/JulienGuitare.jpg 1080w\" sizes=\"auto, (max-width: 266px) 100vw, 266px\" \/><\/p>\n<p>Animateur pour les ateliers de guitare \u00e9lectrique et basse. Julien a commenc\u00e9 la guitare vers l\u2019\u00e2ge de dix ans. Apr\u00e8s ses \u00e9tudes secondaires, il a l\u2019opportunit\u00e9 d\u2019aller \u00e9tudier \u00e0 la Tech Music School. Depuis lors, il travaille comme musicien de session et comme professeur au sein de diff\u00e9rentes asbl.<\/p>\n<p>En tant que professeur, il accorde une tr\u00e8s grande importance aux d\u00e9sid\u00e9ratas de ses \u00e9l\u00e8ves, afin de favoriser l\u2019apprentissage, tout en mettant tout en oeuvre pour d\u00e9velopper leur musicalit\u00e9.<\/p>\n<\/div>\n<p>&nbsp;<\/p>\n<p><strong>Boris Coppieters<\/strong><\/p>\n<div title=\"Page 1\">\n<p style=\"text-align: left;\"><img loading=\"lazy\" decoding=\"async\" class=\"wp-image-128 alignright\" src=\"https:\/\/solenscene-cec.be\/wp-content\/uploads\/2017\/09\/LiSes3-177x300.jpg\" alt=\"\" width=\"131\" height=\"222\" srcset=\"https:\/\/solenscene-cec.be\/wp-content\/uploads\/2017\/09\/LiSes3-177x300.jpg 177w, https:\/\/solenscene-cec.be\/wp-content\/uploads\/2017\/09\/LiSes3.jpg 245w\" sizes=\"auto, (max-width: 131px) 100vw, 131px\" \/><\/p>\n<p style=\"text-align: left;\">Pianiste et accompagnateur pour tous les genres d\u2019\u00e9v\u00e8nements : concerts, animations, spectacles (au th\u00e9\u00e2tre de<\/p>\n<p style=\"text-align: left;\">Cologne).<br \/>Boris obtient l&rsquo;agr\u00e9gation en p\u00e9dagogie musicale \u00e0 l&rsquo;IMEP de Namur. Il fait partie du Namur Jazz Big Band et chante dans le Ch\u0153ur de Chambre de la Province du Luxembourg. Comme animateur chez SolenSc\u00e8ne, il lui importe de transmettre aux participants les notions et techniques essentielles qui leur permettront de d\u00e9couvrir leur propre expression musicale. Boris excelle \u00e9galement dans la conception et l&rsquo;\u00e9criture de nouveaux projets musico- p\u00e9dagogiques<\/p>\n<\/div>\n<p>&nbsp;<\/p>\n<div title=\"Page 1\">\n<div><strong>Roman Quennery<\/strong><\/div>\n<div style=\"text-align: right;\">\n<p style=\"text-align: left;\">Ing\u00e9nieur du son diplom\u00e9 de \u00ab\u00a0SAE Brussels\u00a0\u00bb en 2012,<br \/>Il se forme en live d\u00e8s la fin de ses \u00e9tudes sur la tourn\u00e9e de Franck micha\u00ebl dans toute la France.D\u00e8s l&rsquo;ann\u00e9e 2013, il se lance co<\/p>\n<p><img loading=\"lazy\" decoding=\"async\" class=\"wp-image-182 alignnone alignright\" src=\"https:\/\/solenscene-cec.be\/wp-content\/uploads\/2017\/09\/20374481_10213289360844603_6253399921925939298_n-300x300.jpg\" alt=\"\" width=\"185\" height=\"185\" srcset=\"https:\/\/solenscene-cec.be\/wp-content\/uploads\/2017\/09\/20374481_10213289360844603_6253399921925939298_n-300x300.jpg 300w, https:\/\/solenscene-cec.be\/wp-content\/uploads\/2017\/09\/20374481_10213289360844603_6253399921925939298_n-150x150.jpg 150w, https:\/\/solenscene-cec.be\/wp-content\/uploads\/2017\/09\/20374481_10213289360844603_6253399921925939298_n-500x500.jpg 500w, https:\/\/solenscene-cec.be\/wp-content\/uploads\/2017\/09\/20374481_10213289360844603_6253399921925939298_n.jpg 711w\" sizes=\"auto, (max-width: 185px) 100vw, 185px\" \/><\/p>\n<p style=\"text-align: left;\">mme \u00ab\u00a0Free-lance\u00a0\u00bb pour diff\u00e9rentes soci\u00e9t\u00e9s tels que \u00ab\u00a0STEP IN LIVE\u00a0\u00bb, \u00ab\u00a0BESTAGE\u00a0\u00bb, \u00ab\u00a0AVP\u00a0\u00bb&#8230; Ce qui lui<\/p>\n<p style=\"text-align: left;\">permet de travailler avec des artistes de renomm\u00e9e internationale comme U2, Coldplay, Greenday,.. et de perfectionner ses connaissances techniques en son, lumi\u00e8re et vid\u00e9o.<br \/>Egalement musicien multi-instrumentiste, il se produit sur sc\u00e8ne et en studio avec diff\u00e9rents groupes de styles tr\u00e8s vari\u00e9s.<br \/>Son envie de transmettre aux jeunes l&rsquo;am\u00e8ne \u00e0 devenir coach musical chez \u00ab\u00a0Mymuse\u00a0\u00bb.<br \/>C&rsquo;est en 2015 qu&rsquo;il rejoint l&rsquo;\u00e9quipe de Sol en sc\u00e8ne en tant que technicien audiovisuel.<\/p>\n<\/div>\n<\/div>\n<p>&nbsp;<\/p>\n<p><strong>Christine Goossens<\/strong><\/p>\n<div title=\"Page 1\">\n<div style=\"text-align: left;\">\u00a0<\/div>\n<div>\n<div style=\"text-align: left;\">Enseignante de formation, ayant travaill\u00e9 dans divers services administratifs et passionn\u00e9e de bien-\u00eatre et de sant\u00e9, je r<\/div>\n<p><img loading=\"lazy\" decoding=\"async\" class=\"wp-image-387 alignright\" src=\"https:\/\/solenscene-cec.be\/wp-content\/uploads\/2020\/09\/chritine-gossens-208x300.png\" alt=\"\" width=\"168\" height=\"242\" srcset=\"https:\/\/solenscene-cec.be\/wp-content\/uploads\/2020\/09\/chritine-gossens-208x300.png 208w, https:\/\/solenscene-cec.be\/wp-content\/uploads\/2020\/09\/chritine-gossens.png 301w\" sizes=\"auto, (max-width: 168px) 100vw, 168px\" \/><\/p>\n<div style=\"text-align: left;\">este en contact avec tout le monde et veille au suivi de la bonne organisation des activit\u00e9s.<\/div>\n<\/div>\n<div>\u00a0<\/div>\n<div>\u00a0<\/div>\n<div>\u00a0<\/div>\n<div>\u00a0<\/div>\n<div>\u00a0<\/div>\n<div>\u00a0<\/div>\n<\/div>\n<div>\u00a0<\/div>\n<div>\u00a0<\/div>\n<div>\u00a0<\/div>\n<div>\u00a0<\/div>\n<div>\u00a0<\/div>\n<div>\u00a0<\/div>\n<div>\u00a0<\/div>\n<div title=\"Page 1\">\n<div><strong>Cyriel Magn\u00e9<\/strong><\/div>\n<\/div>\n<div>\n<p>Professeur d&rsquo;\u00e9veil et initiation<\/p>\n<p><strong>Estelle Dethy<\/strong><\/p>\n<p>Professeure d&rsquo;\u00e9veil et initiation<\/p>\n<div title=\"Page 1\"><strong>Michal Chaudagne <\/strong><\/div>\n<div title=\"Page 1\">\n<p>Professeur de corp rythme<\/p>\n<\/div>\n<\/div>\n<div title=\"Page 1\">\n<div>\u00a0<\/div>\n<\/div>\n<div title=\"Page 1\">\n<div>\n<div style=\"text-align: right;\">\u00a0<\/div>\n<\/div>\n<\/div>\n\n\n<p class=\"wp-block-paragraph\"><\/p>\n","protected":false},"excerpt":{"rendered":"<p>Genevieve Gerard Professeure de chant, titulaire d\u2019un master en chant et p\u00e9dagogie musicale. A votre service depuis 17 ans pour mettre en place des ateliers permettant l\u2019\u00e9panouissement de la cr\u00e9ativit\u00e9 de vos enfants ainsi que l\u2019accessibilit\u00e9 aux arts de la parole et de la musique (ne perdons pas l\u2019oreille de vue). \u00a0 \u00a0 \u00a0 \u00a0 [&hellip;]<\/p>\n","protected":false},"author":1,"featured_media":0,"parent":0,"menu_order":4,"comment_status":"closed","ping_status":"closed","template":"","meta":{"footnotes":""},"class_list":["post-21","page","type-page","status-publish","hentry"],"_links":{"self":[{"href":"https:\/\/solenscene-cec.be\/index.php\/wp-json\/wp\/v2\/pages\/21","targetHints":{"allow":["GET"]}}],"collection":[{"href":"https:\/\/solenscene-cec.be\/index.php\/wp-json\/wp\/v2\/pages"}],"about":[{"href":"https:\/\/solenscene-cec.be\/index.php\/wp-json\/wp\/v2\/types\/page"}],"author":[{"embeddable":true,"href":"https:\/\/solenscene-cec.be\/index.php\/wp-json\/wp\/v2\/users\/1"}],"replies":[{"embeddable":true,"href":"https:\/\/solenscene-cec.be\/index.php\/wp-json\/wp\/v2\/comments?post=21"}],"version-history":[{"count":169,"href":"https:\/\/solenscene-cec.be\/index.php\/wp-json\/wp\/v2\/pages\/21\/revisions"}],"predecessor-version":[{"id":1172,"href":"https:\/\/solenscene-cec.be\/index.php\/wp-json\/wp\/v2\/pages\/21\/revisions\/1172"}],"wp:attachment":[{"href":"https:\/\/solenscene-cec.be\/index.php\/wp-json\/wp\/v2\/media?parent=21"}],"curies":[{"name":"wp","href":"https:\/\/api.w.org\/{rel}","templated":true}]}}

L&rsquo;équipe

<div title="Page 1">
<h4>Genevieve Gerard<img loading="lazy" decoding="async" class="wp-image-134 alignright" src="https://solenscene-cec.be/wp-content/uploads/2017/09/Gene-152x300.jpg" sizes="auto, (max-width: 152px) 100vw, 152px" srcset="https://solenscene-cec.be/wp-content/uploads/2017/09/Gene-152x300.jpg 152w, https://solenscene-cec.be/wp-content/uploads/2017/09/Gene-768x1514.jpg 768w, https://solenscene-cec.be/wp-content/uploads/2017/09/Gene-520x1024.jpg 520w, https://solenscene-cec.be/wp-content/uploads/2017/09/Gene.jpg 1059w" alt="" width="95" height="187" /></h4>
<p>Professeure de chant, titulaire d’un master en chant et pédagogie musicale. A votre service depuis 17 ans pour mettre en place des ateliers permettant l’épanouissement de la créativité de vos enfants ainsi que l’accessibilité aux arts de la parole et de la musique (ne perdons pas l’oreille de vue).</p>
</div>
<div title="Page 1"> </div>
<div title="Page 1"> </div>
<div title="Page 1"> </div>
<div title="Page 1"> </div>
<div title="Page 1"> </div>
<div title="Page 1"> </div>
<div title="Page 1"> </div>
<div title="Page 1"> </div>
<div title="Page 1"> </div>
<div title="Page 1"> </div>
<div title="Page 1">
<p>&nbsp;</p>
<p style="text-align: left;"><strong>Thomas Werland</strong></p>
<p><img loading="lazy" decoding="async" class="wp-image-231 alignright" src="https://solenscene-cec.be/wp-content/uploads/2018/06/10246340_10203851773034960_8756535682301231834_n-250x300.jpg" alt="" width="147" height="176" srcset="https://solenscene-cec.be/wp-content/uploads/2018/06/10246340_10203851773034960_8756535682301231834_n-250x300.jpg 250w, https://solenscene-cec.be/wp-content/uploads/2018/06/10246340_10203851773034960_8756535682301231834_n.jpg 339w" sizes="auto, (max-width: 147px) 100vw, 147px" /></p>
<p style="text-align: left;">Diplômé informatique de gestion. Homme à tout faire informatique de l&rsquo;ASBL. A votre disposition pour toute réclamation et tou</p>
<p style="text-align: left;">te proposition interessante</p>
</div>
<h4 style="text-align: left;"> </h4>
<p>&nbsp;</p>
<div title="Page 1">
<p style="text-align: left;"><strong>Julien Genette</strong></p>
<p><img loading="lazy" decoding="async" class=" wp-image-77 alignright" src="https://solenscene-cec.be/wp-content/uploads/2017/09/JulienGuitare-300x200.jpg" alt="" width="266" height="177" srcset="https://solenscene-cec.be/wp-content/uploads/2017/09/JulienGuitare-300x200.jpg 300w, https://solenscene-cec.be/wp-content/uploads/2017/09/JulienGuitare-768x512.jpg 768w, https://solenscene-cec.be/wp-content/uploads/2017/09/JulienGuitare-1024x683.jpg 1024w, https://solenscene-cec.be/wp-content/uploads/2017/09/JulienGuitare-750x500.jpg 750w, https://solenscene-cec.be/wp-content/uploads/2017/09/JulienGuitare.jpg 1080w" sizes="auto, (max-width: 266px) 100vw, 266px" /></p>
<p>Animateur pour les ateliers de guitare électrique et basse. Julien a commencé la guitare vers l’âge de dix ans. Après ses études secondaires, il a l’opportunité d’aller étudier à la Tech Music School. Depuis lors, il travaille comme musicien de session et comme professeur au sein de différentes asbl.</p>
<p>En tant que professeur, il accorde une très grande importance aux désidératas de ses élèves, afin de favoriser l’apprentissage, tout en mettant tout en oeuvre pour développer leur musicalité.</p>
</div>
<p>&nbsp;</p>
<p><strong>Boris Coppieters</strong></p>
<div title="Page 1">
<p style="text-align: left;"><img loading="lazy" decoding="async" class="wp-image-128 alignright" src="https://solenscene-cec.be/wp-content/uploads/2017/09/LiSes3-177x300.jpg" alt="" width="131" height="222" srcset="https://solenscene-cec.be/wp-content/uploads/2017/09/LiSes3-177x300.jpg 177w, https://solenscene-cec.be/wp-content/uploads/2017/09/LiSes3.jpg 245w" sizes="auto, (max-width: 131px) 100vw, 131px" /></p>
<p style="text-align: left;">Pianiste et accompagnateur pour tous les genres d’évènements : concerts, animations, spectacles (au théâtre de</p>
<p style="text-align: left;">Cologne).<br />Boris obtient l&rsquo;agrégation en pédagogie musicale à l&rsquo;IMEP de Namur. Il fait partie du Namur Jazz Big Band et chante dans le Chœur de Chambre de la Province du Luxembourg. Comme animateur chez SolenScène, il lui importe de transmettre aux participants les notions et techniques essentielles qui leur permettront de découvrir leur propre expression musicale. Boris excelle également dans la conception et l&rsquo;écriture de nouveaux projets musico- pédagogiques</p>
</div>
<p>&nbsp;</p>
<div title="Page 1">
<div><strong>Roman Quennery</strong></div>
<div style="text-align: right;">
<p style="text-align: left;">Ingénieur du son diplomé de « SAE Brussels » en 2012,<br />Il se forme en live dès la fin de ses études sur la tournée de Franck michaël dans toute la France.Dès l&rsquo;année 2013, il se lance co</p>
<p><img loading="lazy" decoding="async" class="wp-image-182 alignnone alignright" src="https://solenscene-cec.be/wp-content/uploads/2017/09/20374481_10213289360844603_6253399921925939298_n-300x300.jpg" alt="" width="185" height="185" srcset="https://solenscene-cec.be/wp-content/uploads/2017/09/20374481_10213289360844603_6253399921925939298_n-300x300.jpg 300w, https://solenscene-cec.be/wp-content/uploads/2017/09/20374481_10213289360844603_6253399921925939298_n-150x150.jpg 150w, https://solenscene-cec.be/wp-content/uploads/2017/09/20374481_10213289360844603_6253399921925939298_n-500x500.jpg 500w, https://solenscene-cec.be/wp-content/uploads/2017/09/20374481_10213289360844603_6253399921925939298_n.jpg 711w" sizes="auto, (max-width: 185px) 100vw, 185px" /></p>
<p style="text-align: left;">mme « Free-lance » pour différentes sociétés tels que « STEP IN LIVE », « BESTAGE », « AVP »&#8230; Ce qui lui</p>
<p style="text-align: left;">permet de travailler avec des artistes de renommée internationale comme U2, Coldplay, Greenday,.. et de perfectionner ses connaissances techniques en son, lumière et vidéo.<br />Egalement musicien multi-instrumentiste, il se produit sur scène et en studio avec différents groupes de styles très variés.<br />Son envie de transmettre aux jeunes l&rsquo;amène à devenir coach musical chez « Mymuse ».<br />C&rsquo;est en 2015 qu&rsquo;il rejoint l&rsquo;équipe de Sol en scène en tant que technicien audiovisuel.</p>
</div>
</div>
<p>&nbsp;</p>
<p><strong>Christine Goossens</strong></p>
<div title="Page 1">
<div style="text-align: left;"> </div>
<div>
<div style="text-align: left;">Enseignante de formation, ayant travaillé dans divers services administratifs et passionnée de bien-être et de santé, je r</div>
<p><img loading="lazy" decoding="async" class="wp-image-387 alignright" src="https://solenscene-cec.be/wp-content/uploads/2020/09/chritine-gossens-208x300.png" alt="" width="168" height="242" srcset="https://solenscene-cec.be/wp-content/uploads/2020/09/chritine-gossens-208x300.png 208w, https://solenscene-cec.be/wp-content/uploads/2020/09/chritine-gossens.png 301w" sizes="auto, (max-width: 168px) 100vw, 168px" /></p>
<div style="text-align: left;">este en contact avec tout le monde et veille au suivi de la bonne organisation des activités.</div>
</div>
<div> </div>
<div> </div>
<div> </div>
<div> </div>
<div> </div>
<div> </div>
</div>
<div> </div>
<div> </div>
<div> </div>
<div> </div>
<div> </div>
<div> </div>
<div> </div>
<div title="Page 1">
<div><strong>Cyriel Magné</strong></div>
</div>
<div>
<p>Professeur d&rsquo;éveil et initiation</p>
<p><strong>Estelle Dethy</strong></p>
<p>Professeure d&rsquo;éveil et initiation</p>
<div title="Page 1"><strong>Michal Chaudagne </strong></div>
<div title="Page 1">
<p>Professeur de corp rythme</p>
</div>
</div>
<div title="Page 1">
<div> </div>
</div>
<div title="Page 1">
<div>
<div style="text-align: right;"> </div>
</div>
</div>


<p class="wp-block-paragraph"></p>

<p>Genevieve Gerard Professeure de chant, titulaire d’un master en chant et pédagogie musicale. A votre service depuis 17 ans pour mettre en place des ateliers permettant l’épanouissement de la créativité de vos enfants ainsi que l’accessibilité aux arts de la parole et de la musique (ne perdons pas l’oreille de vue).         [&hellip;]</p>
