{"id":143,"date":"2017-09-12T20:02:08","date_gmt":"2017-09-12T18:02:08","guid":{"rendered":"http:\/\/solenscene-cec.be\/?page_id=143"},"modified":"2025-09-03T17:07:20","modified_gmt":"2025-09-03T15:07:20","slug":"ephemerides","status":"publish","type":"page","link":"https:\/\/solenscene-cec.be\/index.php\/horaires\/ephemerides\/","title":{"rendered":"Eph\u00e9m\u00e9rides saison 2025-2026"},"content":{"rendered":"\n<ul class=\"wp-block-list\">\n<li><strong>lundi 8 septembre : reprise des activit\u00e9s<\/strong><\/li>\n\n\n\n<li>samedi 27 septembre, cong\u00e9, F\u00eate de la Communaut\u00e9 Fran\u00e7aise<\/li>\n\n\n\n<li>du lundi 20 octobre au samedi 1er novembre inclus, cong\u00e9 de Toussaint<\/li>\n\n\n\n<li>mardi 11 novembre 2025, cong\u00e9, Armistice<\/li>\n\n\n\n<li>vendredi 19 d\u00e9cembre 2025 et samedi 20 d\u00e9cembre : cong\u00e9 exceptionnel SolenSc\u00e8ne<\/li>\n\n\n\n<li>du lundi 22 d\u00e9cembre 2025 au samedi 3 janvier 2026 inclus, vacances de No\u00ebl<\/li>\n\n\n\n<li>lundi 26\/01, mardi 27\/01, mercredi 28\/01 : cong\u00e9 exceptionnel SolenSc\u00e8ne<\/li>\n\n\n\n<li>du lundi 16\/02 au samedi 28\/02 inclus : cong\u00e9 de Carnaval<\/li>\n\n\n\n<li>du mercredi 25\/03 au vendredi 27\/03 : cong\u00e9 exceptionnel SolenSc\u00e8ne<\/li>\n\n\n\n<li>lundi 30\/03 et mardi 31\/03 : cong\u00e9 exceptionnel SolenSc\u00e8ne<\/li>\n\n\n\n<li>lundi 6\/04 ; cong\u00e9, Lundi de p\u00e2ques<\/li>\n\n\n\n<li>du lundi 27\/04 au samedi 9 mai inclus : cong\u00e9 de printemps<\/li>\n\n\n\n<li>jeudi 14\/05 cong\u00e9 de l\u2019Ascension<\/li>\n\n\n\n<li>jeudi 21\/5 et vendredi 22\/5 : cong\u00e9 exceptionnel SolenSc\u00e8ne<\/li>\n\n\n\n<li>samedi 31\/01 : cong\u00e9 exceptionnel SolenSc\u00e8ne<\/li>\n\n\n\n<li>lundi 25\/05 : cong\u00e9 de Pentec\u00f4te<\/li>\n\n\n\n<li>mardi 26\/05, mercredi 27\/05 : cong\u00e9 exceptionnel SolenSc\u00e8ne<\/li>\n\n\n\n<li>30 et 31 mai &#8211; <strong>Week-end Spectacle<\/strong><\/li>\n\n\n\n<li>du mercredi 24\/06 au mardi 30\/06 : cong\u00e9 exceptionnel SolenSc\u00e8ne<\/li>\n\n\n\n<li>30 juin 2026 : fin des activit\u00e9s<\/li>\n<\/ul>\n\n\n\n<p>Nous ne connaissons pas les dates des journ\u00e9es p\u00e9dagogiques \u00e0 ce jour.<br>Les cong\u00e9s exceptionnels sont pr\u00e9vus pour permettre la reprise d\u2019ateliers o\u00f9 les animateurs auraient \u00e9t\u00e9 absents, de mani\u00e8re \u00e0 \u00eatre s\u00fbr d\u2019assurer 30 s\u00e9ances par ann\u00e9e scolaire. Merci de votre attention et bonne saison avec SolenSc\u00e8ne !<br>G.G\u00e9rard<\/p>\n\n\n\n<p><\/p>\n","protected":false},"excerpt":{"rendered":"<p>Nous ne connaissons pas les dates des journ\u00e9es p\u00e9dagogiques \u00e0 ce jour.Les cong\u00e9s exceptionnels sont pr\u00e9vus pour permettre la reprise d\u2019ateliers o\u00f9 les animateurs auraient \u00e9t\u00e9 absents, de mani\u00e8re \u00e0 \u00eatre s\u00fbr d\u2019assurer 30 s\u00e9ances par ann\u00e9e scolaire. Merci de votre attention et bonne saison avec SolenSc\u00e8ne !G.G\u00e9rard<\/p>\n","protected":false},"author":1,"featured_media":0,"parent":15,"menu_order":0,"comment_status":"closed","ping_status":"closed","template":"","meta":{"footnotes":""},"class_list":["post-143","page","type-page","status-publish","hentry"],"_links":{"self":[{"href":"https:\/\/solenscene-cec.be\/index.php\/wp-json\/wp\/v2\/pages\/143","targetHints":{"allow":["GET"]}}],"collection":[{"href":"https:\/\/solenscene-cec.be\/index.php\/wp-json\/wp\/v2\/pages"}],"about":[{"href":"https:\/\/solenscene-cec.be\/index.php\/wp-json\/wp\/v2\/types\/page"}],"author":[{"embeddable":true,"href":"https:\/\/solenscene-cec.be\/index.php\/wp-json\/wp\/v2\/users\/1"}],"replies":[{"embeddable":true,"href":"https:\/\/solenscene-cec.be\/index.php\/wp-json\/wp\/v2\/comments?post=143"}],"version-history":[{"count":9,"href":"https:\/\/solenscene-cec.be\/index.php\/wp-json\/wp\/v2\/pages\/143\/revisions"}],"predecessor-version":[{"id":1120,"href":"https:\/\/solenscene-cec.be\/index.php\/wp-json\/wp\/v2\/pages\/143\/revisions\/1120"}],"up":[{"embeddable":true,"href":"https:\/\/solenscene-cec.be\/index.php\/wp-json\/wp\/v2\/pages\/15"}],"wp:attachment":[{"href":"https:\/\/solenscene-cec.be\/index.php\/wp-json\/wp\/v2\/media?parent=143"}],"curies":[{"name":"wp","href":"https:\/\/api.w.org\/{rel}","templated":true}]}}